{"id":2757,"date":"2020-12-07T10:20:20","date_gmt":"2020-12-07T10:20:20","guid":{"rendered":"http:\/\/foxlogistics.ch\/index\/?page_id=2757"},"modified":"2020-12-07T10:56:49","modified_gmt":"2020-12-07T10:56:49","slug":"informativa-sulla-protezione-dei-dati","status":"publish","type":"page","link":"http:\/\/foxlogistics.ch\/index\/informativa-sulla-protezione-dei-dati\/","title":{"rendered":"Informativa sulla protezione dei dati"},"content":{"rendered":"<div class=\"fusion-fullwidth fullwidth-box fusion-builder-row-1 fusion-flex-container nonhundred-percent-fullwidth non-hundred-percent-height-scrolling\" style=\"background-color: rgba(255,255,255,0);background-position: center center;background-repeat: no-repeat;border-width: 0px 0px 0px 0px;border-color:#eae9e9;border-style:solid;\" ><div class=\"fusion-builder-row fusion-row fusion-flex-align-items-flex-start\" style=\"max-width:1320.8px;margin-left: calc(-4% \/ 2 );margin-right: calc(-4% \/ 2 );\"><div class=\"fusion-layout-column fusion_builder_column fusion-builder-column-0 fusion_builder_column_1_1 1_1 fusion-flex-column\"><div class=\"fusion-column-wrapper fusion-flex-justify-content-flex-start fusion-content-layout-column\" style=\"background-position:left top;background-repeat:no-repeat;-webkit-background-size:cover;-moz-background-size:cover;-o-background-size:cover;background-size:cover;padding: 0px 0px 0px 0px;\"><div class=\"fusion-text fusion-text-1\"><p>Data di entrata in vigore: Dicembre 2020<\/p>\n<p>Fox Logistics SA, Balerna (Svizzera) (&#8220;noi&#8221;, &#8220;noi&#8221; o &#8220;nostro&#8221;) gestisce il sito web <a href=\"http:\/\/www.foxlogistics.ch\/\">http:\/\/www.foxlogistics.ch\/<\/a> (il &#8220;Servizio&#8221;).<\/p>\n<p>Questa pagina ti informa delle nostre linee di condotta riguardanti la raccolta, l&#8217;uso e la divulgazione di dati personali quando usi il nostro Servizio e delle scelte che hai associato a quei dati.<\/p>\n<p>Utilizziamo i tuoi dati per fornire e migliorare il Servizio. Utilizzando il Servizio, l&#8217;utente accetta la raccolta e l&#8217;utilizzo delle informazioni in conformit\u00e0 con queste linee di condotta.<\/p>\n<h2>Definizioni<\/h2>\n<p><u>Servizio<\/u><\/p>\n<p>Il servizio \u00e8 il sito web <a href=\"http:\/\/www.foxlogistics.ch\/\">http:\/\/www.foxlogistics.ch\/<\/a> gestito da Fox Logistics SA.<\/p>\n<p><u>Dati personali<\/u><\/p>\n<p>Dati personali significa dati su una persona fisica che pu\u00f2 essere identificata da quei dati (o da quelli e altre informazioni in nostro possesso o che potrebbero venire in nostro possesso).<\/p>\n<p><u>Dati di utilizzo<\/u><\/p>\n<p>Dati di utilizzo sono i dati raccolti automaticamente generati dall&#8217;utilizzo del Servizio o dall&#8217;infrastruttura del Servizio stesso (ad esempio, la durata della visita di una pagina).<\/p>\n<p><u>Cookies<\/u><\/p>\n<p>I cookies sono piccole porzioni di dati memorizzati sul dispositivo (computer o dispositivo mobile).<\/p>\n<p><u>Titolare del trattamento<\/u><\/p>\n<p>Titolare del trattamento indica la persona fisica o giuridica che (singolarmente o insieme ad altri) determina le finalit\u00e0 e i mezzi con cui le informazioni personali sono o saranno elaborate.<\/p>\n<p>Ai fini della presente Informativa, siamo responsabili del trattamento dei dati personali.<\/p>\n<p><u>Responsabile del trattamento dei dati (o fornitore di servizi)<\/u><\/p>\n<p>Responsabile del trattamento dei dati (o fornitore di servizi): qualsiasi persona fisica o giuridica che elabora i dati per conto del Titolare del trattamento.<\/p>\n<p>Potremmo utilizzare i servizi di vari fornitori di servizi al fine di elaborare i tuoi dati in modo pi\u00f9 efficace.<\/p>\n<p><u>Utente<\/u><\/p>\n<p>L\u2019Utente \u00e8 una persona fisica che utilizza il nostro servizio ed \u00e8 il soggetto dei dati personali.<\/p>\n<h2>Raccolta e utilizzo delle informazioni<\/h2>\n<p>Raccogliamo diversi tipi di informazioni per vari scopi per fornire e migliorare il nostro Servizio. In particolare, raccogliamo dati al fine di poterti inviare informazioni sulla nostra attivit\u00e0 e sui nostri prodotti, segnatamente l&#8217;esecuzione di operazioni di spedizione nazionali e internazionali, della logistica in generale, degli autotrasporti, dei trasporti ferroviari, marittimi e aerei, e di magazzinaggio. Prestazione di servizi connesse con il trasporto, il transito, il deposito doganale, lo sdoganamento, l&#8217;assicurazione delle merci nel settore dei trasporti.<\/p>\n<p><strong><em>Tipi di dati raccolti<\/em><\/strong><\/p>\n<p><u>Dati personali<\/u><\/p>\n<p>Durante l&#8217;utilizzo del nostro Servizio, potremmo chiederti di fornirci alcune informazioni di identificazione personale che possono essere utilizzate per contattarti o identificarti (&#8220;Dati personali&#8221;). Le informazioni di identificazione personale possono includere, ma non sono limitate a:<\/p>\n<ul>\n<li>Indirizzo email<\/li>\n<li>Nome e cognome<\/li>\n<li>Numero di telefono<\/li>\n<li>Indirizzo, stato, cantone\/regione\/provincia, codice di avviamento postale, citt\u00e0<\/li>\n<li>Cookie e dati di utilizzo<\/li>\n<\/ul>\n<p>Potremmo utilizzare i tuoi Dati personali per contattarti con newsletter, materiale promozionale o di marketing e altre informazioni che potrebbero interessarti. Si pu\u00f2 scegliere di non ricevere alcuna o tutte queste comunicazioni da noi seguendo il link di cancellazione o le istruzioni fornite in qualsiasi e-mail che inviamo o contattandoci.<\/p>\n<p><u>Dati di utilizzo<\/u><\/p>\n<p>Potremmo anche raccogliere informazioni su come accedere e utilizzare il Servizio (&#8220;Dati di utilizzo&#8221;). Questi Dati di utilizzo possono includere informazioni quali l&#8217;indirizzo del protocollo internet del computer (ad es. Indirizzo IP), il tipo di browser, la versione del browser, le pagine del nostro servizio che si visita, l&#8217;ora e la data della visita, il tempo trascorso su tali pagine, unico identificatori del dispositivo e altri dati diagnostici.<\/p>\n<p><u>Tracciamento dei dati sui cookie<\/u><\/p>\n<p>Utilizziamo cookie e tecnologie di tracciamento simili per tracciare l&#8217;attivit\u00e0 sul nostro Servizio e conservare determinate informazioni.<\/p>\n<p>I cookie sono file con una piccola quantit\u00e0 di dati che possono includere un identificatore univoco anonimo. I cookie vengono inviati al tuo browser da un sito web e memorizzati sul tuo dispositivo. Le tecnologie di monitoraggio utilizzate sono anche beacon, tag e script per raccogliere e tenere traccia delle informazioni e per migliorare e analizzare il nostro Servizio.<\/p>\n<p>Puoi chiedere al tuo browser di rifiutare tutti i cookie o di indicare quando viene inviato un cookie. Tuttavia, se non si accettano i cookie, potrebbe non essere possibile utilizzare alcune parti del nostro Servizio.<\/p>\n<p>Esempi di cookie che utilizziamo:<\/p>\n<ul>\n<li>Cookie di sessione. Utilizziamo i cookie di sessione per gestire il nostro servizio.<\/li>\n<li>Cookie di preferenza. Utilizziamo i cookie di preferenza per ricordare le tue preferenze e varie impostazioni.<\/li>\n<li>Cookie di sicurezza. Utilizziamo i cookie di sicurezza per motivi di sicurezza.<\/li>\n<\/ul>\n<h2>Uso dei dati<\/h2>\n<p>Fox Logistics SA utilizza i dati raccolti per vari scopi:<\/p>\n<ul>\n<li>Fornire e mantenere il nostro Servizio<\/li>\n<li>Per informarti delle modifiche al nostro Servizio<\/li>\n<li>Per consentirti di partecipare alle funzionalit\u00e0 interattive del nostro Servizio quando scegli di farlo<\/li>\n<li>Fornire assistenza clienti<\/li>\n<li>Raccogliere analisi o informazioni preziose per migliorare il nostro Servizio<\/li>\n<li>Monitorare l&#8217;utilizzo del nostro Servizio<\/li>\n<li>Per rilevare, prevenire e risolvere problemi tecnici<\/li>\n<li>Per fornirti notizie, offerte speciali e informazioni generali su beni, servizi ed eventi che offriamo a meno che tu non abbia scelto di non ricevere tali informazioni.<\/li>\n<\/ul>\n<h2>Base legale per l&#8217;elaborazione dei dati personali in base al regolamento generale sulla protezione dei dati (GDPR)<\/h2>\n<p>Se sei dello Spazio economico europeo (SEE), la base giuridica di Fox Logistics SA per la raccolta e l&#8217;utilizzo delle informazioni personali descritte in questa Informativa dipende dai Dati personali che raccogliamo e dal contesto specifico in cui vengono raccolti.<\/p>\n<p>Fox Logistics SA \u00e8 autorizzata ad elaborare i tuoi dati personali perch\u00e9:<\/p>\n<ul>\n<li>ci hai dato il permesso di farlo, oppure<\/li>\n<li>il trattamento dei dati \u00e8 necessario per eseguire un contratto di cui tu sei parte o per eseguire misure precontrattuali adottate su tua richiesta, oppure<\/li>\n<li>il trattamento \u00e8 necessario per il perseguimento del nostro legittimo interesse, a condizione che non prevalgano i tuoi interessi o i tuoi diritti e le tue libert\u00e0 fondamentali che richiedono la protezione dei tuoi dati personali, oppure<\/li>\n<li>per adempiere un obbligo legale al quale noi siamo soggetti.<\/li>\n<\/ul>\n<h2>Conservazione dei dati<\/h2>\n<p>Fox Logistics SA tratterr\u00e0 i tuoi dati personali solo per il tempo necessario ai fini indicati nella presente Informativa. Conserveremo e utilizzeremo i tuoi Dati personali nella misura necessaria per adempiere ai nostri obblighi legali (ad esempio, se ci viene richiesto di conservare i tuoi dati per conformarci alle leggi applicabili), risolvere le controversie e applicare i nostri accordi e le nostre regole di condotta legali.<\/p>\n<p>Fox Logistics SA conserver\u00e0 anche i Dati di utilizzo a fini di analisi interna. I dati di utilizzo vengono generalmente conservati per un periodo di tempo pi\u00f9 breve, tranne quando questi dati vengono utilizzati per rafforzare la sicurezza o per migliorare la funzionalit\u00e0 del nostro servizio, o siamo legalmente obbligati a conservare questi dati per periodi di tempo pi\u00f9 lunghi.<\/p>\n<h2>Trasferimento di dati<\/h2>\n<p>Le tue informazioni, compresi i Dati personali, possono essere trasferite e mantenute su computer situati al di fuori del tuo stato, cantone\/regione\/provincia, nazione o altra giurisdizione governativa dove le leggi sulla protezione dei dati possono essere diverse da quelle della tua giurisdizione.<\/p>\n<p>Se ti trovi al di fuori della Svizzera e scegli di fornirci informazioni, ti ricordiamo che trasferiamo i dati, compresi i Dati personali, in Svizzera e li elaboriamo l\u00ec.<\/p>\n<p>Il tuo consenso a questa Informativa seguito dall&#8217;invio di tali informazioni rappresenta il tuo consenso a tale trasferimento.<\/p>\n<p>Fox Logistics SA adotter\u00e0 tutte le misure ragionevolmente necessarie per garantire che i tuoi dati siano trattati in modo sicuro e in conformit\u00e0 con la presente Informativa e nessun trasferimento dei tuoi Dati personali sar\u00e0 effettuato presso un&#8217;organizzazione o un paese a meno che non vi siano controlli adeguati in sicurezza dei tuoi dati e altre informazioni personali.<\/p>\n<h2>Divulgazione di dati<\/h2>\n<p><strong><em>Divulgazione per l&#8217;applicazione della legge<\/em><\/strong><\/p>\n<p>In determinate circostanze, a Fox Logistics SA potrebbe essere richiesto di divulgare i Dati personali dell&#8217;Utente se previsto dalla legge o in risposta a richieste valide da parte delle autorit\u00e0 (ad esempio, un tribunale o un&#8217;autorit\u00e0 governativa).<\/p>\n<p><strong><em>Requisiti legali<\/em><\/strong><\/p>\n<p>Fox Logistics SA potrebbe divulgare i tuoi dati personali in buona fede, ritenendo che tale azione sia necessaria per:<\/p>\n<ul>\n<li>rispettare un obbligo legale<\/li>\n<li>per proteggere e difendere i diritti o la propriet\u00e0 di Fox Logistics SA<\/li>\n<li>per prevenire o indagare su possibili illeciti in relazione al Servizio<\/li>\n<li>proteggere la sicurezza personale degli utenti del Servizio o del pubblico<\/li>\n<li>per proteggersi contro eventuali responsabilit\u00e0 legali.<\/li>\n<\/ul>\n<h2>Sicurezza dei dati<\/h2>\n<p>La sicurezza dei tuoi dati \u00e8 importante per noi. Ricorda tuttavia che nessun metodo di trasmissione su Internet o metodo di archiviazione elettronica \u00e8 sicuro al 100%. Tenendo conto dello stato dell\u2019arte e dei costi di attuazione, nonch\u00e9 della natura, dell\u2019oggetto, del contesto e delle finalit\u00e0 del trattamento, come anche del rischio di varia probabilit\u00e0 e gravit\u00e0 per i diritti e le libert\u00e0 delle persone fisiche, ci sforziamo di mettere in atto misure tecniche ed organizzative adeguate per garantire un livello di sicurezza adeguato al rischio, non potendo tuttavia garantire l\u2019assoluta sicurezza.<\/p>\n<h2>I tuoi diritti sulla protezione dei dati ai sensi del regolamento generale sulla protezione dei dati (GDPR)<\/h2>\n<p>Se risiedi nello Spazio economico europeo (SEE), hai determinati diritti in relazione alla protezione dei dati. Fox Logistics SA ha l&#8217;obiettivo di adottare misure ragionevoli per consentire all&#8217;utente di correggere, modificare, eliminare o limitare l&#8217;uso dei propri Dati personali.<\/p>\n<p>Se desideri essere informato sui Dati personali che deteniamo su di te e se vuoi che venga rimosso dai nostri sistemi, ti preghiamo di contattarci.<\/p>\n<p>In determinate circostanze, hai i seguenti diritti in relazione alla protezione dei dati:<\/p>\n<p><u>Il diritto di accedere, aggiornare o cancellare le informazioni che abbiamo su di te.<\/u><\/p>\n<p><u>Il diritto di rettifica.<\/u> Hai il diritto di rettificare le tue informazioni, se tali informazioni sono inesatte o incomplete.<\/p>\n<p><u>Il diritto di opposizione.<\/u> Hai il diritto di opporti al nostro trattamento dei tuoi dati personali.<\/p>\n<p><u>Il diritto di limitazione di trattamento.<\/u> Hai il diritto di chiedere che limitiamo il trattamento dei tuoi dati personali.<\/p>\n<p><u>Il diritto alla portabilit\u00e0 dei dati.<\/u> Hai il diritto di ricevere una copia delle informazioni che abbiamo su di te in un formato strutturato, di uso comune e leggibile da dispositivo automatico.<\/p>\n<p><u>Il diritto di revocare il consenso.<\/u> Hai anche il diritto di revocare il tuo consenso in qualsiasi momento, laddove Fox Logistics SA si \u00e8 basata sullo stesso per il trattamento dei tuoi dati personali.<\/p>\n<p><u>Il diritto alla comunicazione di una violazione dei dati personali<\/u><\/p>\n<p>Ti preghiamo di notare che potremmo chiederti di verificare la tua identit\u00e0 prima di rispondere a tali richieste.<\/p>\n<p>Hai il diritto di sporgere denuncia presso un&#8217;Autorit\u00e0 per la protezione dei dati circa la nostra raccolta e l\u2019utilizzo dei tuoi dati personali. Per ulteriori informazioni, contattare l&#8217;autorit\u00e0 locale per la protezione dei dati nello Spazio economico europeo (SEE).<\/p>\n<h2>Fornitori di servizi<\/h2>\n<p>Potremmo impiegare societ\u00e0 e individui di terze parti per facilitare il nostro Servizio (&#8220;Fornitori di servizi&#8221;), per fornire il Servizio per nostro conto, per eseguire servizi relativi ai Servizi o per aiutarci ad analizzare come viene utilizzato il nostro Servizio.<\/p>\n<p>Queste terze parti hanno accesso ai tuoi dati personali solo per eseguire queste attivit\u00e0 per nostro conto e sono obbligate a non rivelarle o utilizzarle per altri scopi.<\/p>\n<p>Si tratta in particolare di:<\/p>\n<ul>\n<li>Google Analytics: Google Analytics \u00e8 un servizio di Web analytics gratuito di Google che consente di analizzare delle dettagliate statistiche sui visitatori di un sito web. Attraverso l&#8217;utilizzo di Google Analytics \u00e8 possibile individuare quali siano le pagine pi\u00f9 visualizzate dai visitatori di un sito, la loro provenienza (referrer), per quanto tempo sono rimasti all&#8217;interno del sito e la loro posizione geografica.<\/li>\n<\/ul>\n<p>Per maggiori informazioni sull\u2019informativa sulla privacy di Google: https:\/\/policies.google.com\/privacy<\/p>\n<h2>Collegamenti ad altri siti<\/h2>\n<p>Il nostro servizio pu\u00f2 contenere collegamenti ad altri siti che non sono gestiti da noi. Se fai clic su un link di terze parti, sarai indirizzato al sito di quella terza parte. Ti consigliamo vivamente di rivedere l&#8217;Informativa sulla protezione dei dati di ogni sito che visiti.<\/p>\n<p>Non abbiamo alcun controllo e non ci assumiamo alcuna responsabilit\u00e0 per il contenuto, le regole di condotta sulla privacy o le pratiche di qualsiasi sito o servizio di terzi.<\/p>\n<h2>Privacy dei bambini<\/h2>\n<p>Il nostro servizio non si rivolge a minori di 18 anni (&#8220;Bambini&#8221;).<\/p>\n<p>Non raccogliamo consapevolmente informazioni di identificazione personale da chiunque abbia meno di 18 anni. Se sei un genitore o un tutore e sei a conoscenza del fatto che i tuoi figli ci hanno fornito i dati personali, ti preghiamo di contattarci. Se veniamo a conoscenza del fatto che abbiamo raccolto dati personali da minori senza la verifica del consenso dei genitori, adottiamo provvedimenti per rimuovere tali informazioni dai nostri server.<\/p>\n<h2>Modifiche alla presente Informativa<\/h2>\n<p>Potremmo aggiornare regole di condotta sulla protezione dei dati di volta in volta. Ti informeremo di eventuali modifiche pubblicando la nuova Informativa in questa pagina.<\/p>\n<p>Ti faremo sapere via e-mail e \/ o tramite un avviso sul nostro Servizio, prima che la modifica diventi effettiva e aggiorni la &#8220;data di efficacia&#8221; nella parte superiore di questa Informativa.<\/p>\n<p>Ti consigliamo di rivedere periodicamente la presente Informativa per eventuali modifiche. Le modifiche alla presente Informativa sono efficaci quando vengono pubblicate su questa pagina.<\/p>\n<h2>Contattaci<\/h2>\n<p>In caso di domande sulla presente Informativa, puoi contattarci:<\/p>\n<ul>\n<li>Tramite email: <a href=\"mailto:info@foxlogistics.ch\">info@foxlogistics.ch<\/a><\/li>\n<li>Visitando questa pagina sul nostro web: <a href=\"http:\/\/www.foxlogistics.ch\">www.foxlogistics.ch<\/a><\/li>\n<li>Per numero di telefono: +41 91 640 20 00<\/li>\n<li>Per numero di fax: +41 91 640 20 11\/12<\/li>\n<\/ul>\n<\/div><\/div><\/div><style type=\"text\/css\">.fusion-body .fusion-builder-column-0{width:100% !important;margin-top : 25px;margin-bottom : 25px;}.fusion-builder-column-0 > .fusion-column-wrapper {padding-top : 0px !important;padding-right : 0px !important;margin-right : 1.92%;padding-bottom : 0px !important;padding-left : 0px !important;margin-left : 1.92%;}@media only screen and (max-width:1024px) {.fusion-body .fusion-builder-column-0{width:100% !important;order : 0;}.fusion-builder-column-0 > .fusion-column-wrapper {margin-right : 1.92%;margin-left : 1.92%;}}@media only screen and (max-width:640px) {.fusion-body .fusion-builder-column-0{width:100% !important;order : 0;}.fusion-builder-column-0 > .fusion-column-wrapper {margin-right : 1.92%;margin-left : 1.92%;}}<\/style><\/div><style type=\"text\/css\">.fusion-body .fusion-flex-container.fusion-builder-row-1{ padding-top : 20px;margin-top : 0px;padding-right : 0px;padding-bottom : 20px;margin-bottom : 0px;padding-left : 0px;}<\/style><\/div>\n","protected":false},"excerpt":{"rendered":"","protected":false},"author":1,"featured_media":0,"parent":0,"menu_order":0,"comment_status":"closed","ping_status":"closed","template":"","meta":[],"_links":{"self":[{"href":"http:\/\/foxlogistics.ch\/index\/wp-json\/wp\/v2\/pages\/2757"}],"collection":[{"href":"http:\/\/foxlogistics.ch\/index\/wp-json\/wp\/v2\/pages"}],"about":[{"href":"http:\/\/foxlogistics.ch\/index\/wp-json\/wp\/v2\/types\/page"}],"author":[{"embeddable":true,"href":"http:\/\/foxlogistics.ch\/index\/wp-json\/wp\/v2\/users\/1"}],"replies":[{"embeddable":true,"href":"http:\/\/foxlogistics.ch\/index\/wp-json\/wp\/v2\/comments?post=2757"}],"version-history":[{"count":4,"href":"http:\/\/foxlogistics.ch\/index\/wp-json\/wp\/v2\/pages\/2757\/revisions"}],"predecessor-version":[{"id":2774,"href":"http:\/\/foxlogistics.ch\/index\/wp-json\/wp\/v2\/pages\/2757\/revisions\/2774"}],"wp:attachment":[{"href":"http:\/\/foxlogistics.ch\/index\/wp-json\/wp\/v2\/media?parent=2757"}],"curies":[{"name":"wp","href":"https:\/\/api.w.org\/{rel}","templated":true}]}}